of 2253?
2
What is the thousands digit of 1920?
1
What is the hundreds digit of 20059?
0
What is the units digit of 1600?
0
What is the hundreds digit of 61847?
8
What is the thousands digit of 3443?
3
What is the ten thousands digit of 17934?
1
What is the thousands digit of 5830?
5
What is the thousands digit of 5071?
5
What is the hundreds digit of 20399?
3
What is the thousands digit of 1593?
1
What is the hundreds digit of 63820?
8
What is the hundreds digit of 3416?
4
What is the units digit of 109647?
7
What is the tens digit of 3074?
7
What is the hundreds digit of 45004?
0
What is the hundreds digit of 2744?
7
What is the ten thousands digit of 125067?
2
What is the units digit of 892?
2
What is the hundreds digit of 195729?
7
What is the units digit of 48775?
5
What is the tens digit of 599?
9
What is the tens digit of 4138?
3
What is the units digit of 22258?
8
What is the ten thousands digit of 39083?
3
What is the units digit of 5093?
3
What is the thousands digit of 7529?
7
What is the hundreds digit of 4840?
8
What is the thousands digit of 3806?
3
What is the tens digit of 1111?
1
What is the units digit of 425?
5
What is the thousands digit of 6211?
6
What is the thousands digit of 3816?
3
What is the ten thousands digit of 14811?
1
What is the thousands digit of 2216?
2
What is the thousands digit of 5620?
5
What is the thousands digit of 69853?
9
What is the tens digit of 7473?
7
What is the hundreds digit of 301?
3
What is the tens digit of 109?
0
What is the thousands digit of 13365?
3
What is the tens digit of 77?
7
What is the hundreds digit of 7012?
0
What is the tens digit of 47014?
1
What is the tens digit of 328?
2
What is the hundreds digit of 757?
7
What is the thousands digit of 2867?
2
What is the hundreds digit of 1896?
8
What is the tens digit of 4783?
8
What is the thousands digit of 23005?
3
What is the thousands digit of 10903?
0
What is the units digit of 82309?
9
What is the hundreds digit of 58589?
5
What is the units digit of 7127?
7
What is the tens digit of 14887?
8
What is the units digit of 26762?
2
What is the hundreds digit of 59146?
1
What is the hundreds digit of 1624?
6
What is the hundreds digit of 691?
6
What is the hundreds digit of 2369?
3
What is the thousands digit of 92732?
2
What is the hundreds digit of 17138?
1
What is the units digit of 1722?
2
What is the thousands digit of 109177?
9
What is the units digit of 3178?
8
What is the units digit of 9747?
7
What is the tens digit of 8136?
3
What is the units digit of 1456?
6
What is the tens digit of 229?
2
What is the units digit of 361?
1
What is the units digit of 2414?
4
What is the hundreds digit of 25480?
4
What is the units digit of 1243?
3
What is the hundred thousands digit of 121551?
1
What is the hundreds digit of 1702?
7
What is the hundreds digit of 1751?
7
What is the thousands digit of 39491?
9
What is the ten thousands digit of 31945?
3
What is the hundreds digit of 3853?
8
What is the units digit of 1364?
4
What is the ten thousands digit of 126136?
2
What is the units digit of 3530?
0
What is the tens digit of 54084?
8
What is the hundreds digit of 1479?
4
What is the units digit of 1419?
9
What is the hundreds digit of 393?
3
What is the units digit of 1015?
5
What is the tens digit of 108432?
3
What is the units digit of 4829?
9
What is the tens digit of 81?
8
What is the tens digit of 12802?
0
What is the tens digit of 1182?
8
What is the ten thousands digit of 20124?
2
What is the tens digit of 20661?
6
What is the tens digit of 1470?
7
What is the hundreds digit of 1280?
2
What is the hundreds digit of 52017?
0
What is the hundreds digit of 20671?
6
What is the tens digit of 2139?
3
What is the tens digit of 113752?
5
What is the tens digit of 1670?
7
What is the tens digit of 50604?
0
What is the units digit of 46639?
9
What is the tens digit of 11561?
6
What is the tens digit of 1131?
3
What is the tens digit of 470?
7
What is the hundreds digit of 3764?
7
What is the hundreds digit of 10031?
0
What is the hundreds digit of 15628?
6
What is the tens digit of 5970?
7
What is the tens digit of 10549?
4
What is the hundreds digit of 1160?
1
What is the tens digit of 1477?
7
What is the tens digit of 128?
2
What is the units digit of 12154?
4
What is the thousands digit of 26482?
6
What is the hundreds digit of 79827?
8
What is the thousands digit of 2756?
2
What is the tens digit of 269?
6
What is the tens digit of 81?
8
What is the units digit of 12915?
5
What is the units digit of 707?
7
What is the thousands digit of 1355?
1
What is the thousands digit of 2965?
2
What is the ten thousands digit of 76875?
7
What is the hundreds digit of 9830?
8
What is the thousands digit of 3491?
3
What is the tens digit of 9505?
0
What is the units digit of 101?
1
What is the units digit of 790?
0
What is the hundreds digit of 10755?
7
What is the hundreds digit of 10922?
9
What is the tens digit of 745?
4
What is the units digit of 48113?
3
What is the hundreds digit of 36883?
8
What is the tens digit of 1301?
0
What is the units digit of 2341?
1
What is the hundreds digit of 57840?
8
What is the tens digit of 130?
3
What is the thousands digit of 1052?
1
What is the tens digit of 17672?
7
What is the ten thousands digit of 10968?
1
What is the tens digit of 13153?
5
What is the thousands digit of 8809?
8
What is the tens digit of 402?
0
What is the tens digit of 626?
2
What is the thousands digit of 69183?
9
What is the units digit of 7117?
7
What is the tens digit of 2383?
8
What is the tens digit of 1185?
8
What is the tens digit of 1114?
1
What is the tens digit of 2065?
6
What is the tens digit of 19568?
6
What is the ten thousands digit of 14381?
1
What is the thousands digit of 13107?
3
What is the tens digit of 812?
1
What is the thousands digit of 30405?
0
What is the hundreds digit of 503?
5
What is the tens digit of 925?
2
What is the tens digit of 30961?
6
What is the thousands digit of 94055?
4
What is the units digit of 339?
9
What is the thousands digit of 31466?
1
What is the ten thousands digit of 11213?
1
What is the tens digit of 2718?
1
What is the units digit of 1946?
6
What is the tens digit of 14327?
2
What is the units digit of 2549?
9
What is the tens digit of 1168?
6
What is the thousands digit of 13014?
3
What is the thousands digit of 2874?
2
What is the units digit of 32?
2
What is the units digit of 26899?
9
What is the ten thousands digit of 13866?
1
What is the tens digit of 467?
6
What is the thousands digit of 67490?
7
What is the units digit of 635?
5
What is the thousands digit of 3829?
3
What is the hundreds digit of 886?
8
What is the units digit of 2958?
8
What is the hundreds digit of 4189?
1
What is the thousands digit of 1128?
1
What is the hundreds digit of 6449?
4
What is the thousands digit of 47043?
7
What is the tens digit of 70341?
4
What is the units digit of 772?
2
What is the hundreds digit of 51861?
8
What is the thousands digit of 1114?
1
What is the ten thousands digit of 109263?
0
What is the thousands digit of 34198?
4
What is the ten thousands digit of 18287?
1
What is the tens digit of 701?
0
What is the hundreds digit of 1089?
0
What is the thousands digit of 30026?
0
What is the units digit of 15413?
3
What is the units digit of 4955?
5
What is the tens digit of 448?
4
What is the units digit of 204?
4
What is the hundreds digit of 28856?
8
What is the thousands digit of 29729?
9
What is the units digit of 16225?
5
What is the thousands digit of 4479?
4
What is the units digit of 2035?
5
What is the thousands digit of 9207?
9
What is the tens digit of 1970?
7
What is the tens digit of 707?
0
What is the tens digit of 13869?
6
What is the units digit of 762?
2
What is the hundreds digit of 328?
3
What is the tens digit of 1288?
8
What is the hundreds digit of 870?
8
What is the hundreds digit of 4225?
2
What is the units digit of 3177?
7
What is the hundreds digit of 4177?
1
What is the hundreds digit of 52385?
3
What is the hundreds digit of 1310?
3
What is the hundreds digit of 204?
2
What is the tens digit of 505?
0
What is the hundreds digit of 2748?
7
What is the hundreds digit of 2525?
5
What is the tens digit of 15237?
3
What is the thousands digit of 26866?
